mainder when 84 is divided by -22 + 20 + (-15)/(-3)?
0
Suppose 5*s - 34 = 76. Let m = 28 - s. Calculate the remainder when 31 is divided by m.
1
Let s(m) = -23*m - 60. Let v(t) = -t**3 + 6*t**2 + t - 4. Let o be (5/4)/((-2)/(-8)). What is the remainder when v(o) is divided by s(-3)?
8
Let n = 190 - 176. What is the remainder when 35 is divided by n?
7
Let l = 10 - -19. Suppose 4*p = -3*p + 294. Let g = -25 + p. What is the remainder when l is divided by g?
12
Calculate the remainder when 188 is divided by 39 + (-88)/(48/6).
20
Let k(f) = -f**2 - 8*f - 4. Let v = 10 + -10. Suppose -n = -v*n - 41. What is the remainder when n is divided by k(-5)?
8
Let z = -303 - -397. What is the remainder when z is divided by 32?
30
Calculate the remainder when 88 is divided by 8/12*-9*62/(-12).
26
Let u(m) = -m**3 - 3*m**2 + 12*m + 4. Let l be u(-6). Suppose -2*i + y = -l, -3*i = -i - 4*y - 34. What is the remainder when i is divided by 11?
10
Let j be 53/(1 - (4 + -2)). Let w = j + 84. Let l = 22 - 5. Calculate the remainder when w is divided by l.
14
Suppose -925 + 3271 = 46*y. What is the remainder when 172 is divided by y?
19
Suppose 3*u = -0*u - 69. Suppose 12 = 3*l - 9. What is the remainder when (-4)/14 - u/l is divided by 3?
0
Suppose -25*l + 20*l + 60 = -5*j, 3*l + 5*j - 44 = 0. What is the remainder when 24 is divided by l?
11
Let m be 14/(((-2)/(-24))/((-1)/(-2))). Let j = -74 + m. Calculate the remainder when j is divided by 6.
4
Let r = -22 - -28. What is the remainder when r is divided by (-7 - 306/(-42))*7?
0
Suppose 3*u = -50 + 236. Calculate the remainder when u is divided by 18.
8
Suppose -35 = -w - 24. Calculate the remainder when (4 - 1)/((-9)/(-150)) is divided by w.
6
Let q(t) = -t**2 + 6*t - 4. Let o be q(3). Suppose 297 + 8 = o*k. Calculate the remainder when k is divided by 22.
17
Let l = -16 + 45. What is the remainder when l is divided by (-3 + 1)*45/(-6)?
14
Suppose 0 = -39*f + 52*f - 780. What is the remainder when 136 is divided by f?
16
Suppose 0 = -0*s + s - 20. Let o be (-1)/(1 + s/(-16)). What is the remainder when 852/16 + (-1)/o is divided by 14?
11
Calculate the remainder when (-3)/((240/(-536))/10) is divided by 5.
2
Let t(m) = 1073*m + 2*m**2 - m**2 - 1066*m + 10. Let p be -2 - (2 - (2 + -9)). What is the remainder when t(p) is divided by 19?
16
Suppose 0*m - 4*m = -16. Suppose 0 = 3*r + m*b - 56, -3*b = 2*r - r - 22. Calculate the remainder when 46 is divided by r.
14
Let x = 67 - 63. Suppose -m + 45 = 4*s - 22, 3*s = x*m + 36. What is the remainder when s is divided by 4?
0
Let n(o) = 2*o**3 - 21*o**2 + 20*o - 7. Let q = 57 + -47. What is the remainder when n(q) is divided by 16?
13
Suppose 5*b - 15 = 0, 0*b - 3*b = 2*o - 35. What is the remainder when 50 is divided by o?
11
Suppose 6 = h - 3*h + 2*t, -h + 4*t = 12. Let b(l) = l**3 - 2*l**2 - l + 4. What is the remainder when 19 is divided by b(h)?
3
Let x = 21 - 41. Let y = x - 12. Let w = 46 + y. What is the remainder when 54 is divided by w?
12
Let a = -18 + 24. Calculate the remainder when (-3)/a - 231/(-6) is divided by 13.
12
Suppose -4*k = -5 - 39. Let v(d) = d**3 + 26*d**2 - 32*d - 83. Calculate the remainder when v(-27) is divided by k.
8
Let g(q) = -8*q**2 - 20*q - 5. Let x(o) = -8*o**2 - 21*o - 5. Let h(s) = 6*g(s) - 7*x(s). What is the remainder when 146 is divided by h(-4)?
21
Let i(b) = b**3 - b**2 + b - 2. Let c = 29 + -41. Calculate the remainder when c/8*148/(-3) is divided by i(3).
17
What is the remainder when 15 is divided by 1/4*8 - -6?
7
Suppose 9*n + 285 + 480 = 0. Let s = n - -102. Calculate the remainder when 134 is divided by s.
15
Let k(t) = 4*t - 83. Calculate the remainder when 57 is divided by k(25).
6
Let n(k) = -2*k - 8. Let o be n(-5). Let x = o - -39. What is the remainder when x is divided by 21?
20
Let w(g) = -7*g + 74. Let j = 97 + -65. What is the remainder when w(2) is divided by j?
28
Suppose 3*x = -a + 110 + 6, -3*a = -6. What is the remainder when x is divided by 6?
2
Suppose 0 = 5*c - 10, -f - 4*c = c - 24. Suppose 0*l - l = -10. Suppose 0 = -2*j - 0*j + l. Calculate the remainder when f is divided by j.
4
Suppose -u - 2*r = -20, -2*r + 0*r = 2*u - 44. What is the remainder when 261 is divided by u?
21
Let y(w) = 2*w**3 + 2*w**2 - 2*w + 1. Suppose -b = 0, -b + 22 = 2*p - 48. Let z = p + -32. What is the remainder when y(z) is divided by 14?
11
Let j(x) = -324*x + 684. Let l = -6 + 26. Calculate the remainder when j(2) is divided by l.
16
Let m = 6 - 3. Suppose -34 = -m*j + f, 2*j + 0*f + 3*f = 41. What is the remainder when -7*6/(-126)*69 is divided by j?
10
What is the remainder when 20 is divided by (-3)/((3/6)/((-3)/6))?
2
Suppose 2*i = -13*i + 285. What is the remainder when i is divided by 11?
8
Let d = 2479 + -2434. What is the remainder when 626 is divided by d?
41
Let y(h) = 3*h**3 - 3*h**2 + h. What is the remainder when 1439 is divided by y(2)?
11
Let j(y) = -y**2 + y + 5. Let c = -8 - -48. Suppose 3*l + 2*o - c = 4*o, o - 1 = 0. Calculate the remainder when l is divided by j(0).
4
Let p be 2/(-3)*(-81)/18. Suppose 3*y + 46 = -2*l, -4*l + 4*y = -p*l + 12. Let j = l + 29. Calculate the remainder when j is divided by 5.
4
Suppose 81 = 3*h - 5*y - 61, y = -2*h + 73. Calculate the remainder when 540 is divided by h.
33
Let n(k) = -k**3 + 7*k**2 - 4*k - 2. Let f be n(6). Let d be (-2)/(-1)*(-25)/f. Calculate the remainder when 22 is divided by 0 - (-39)/(-2 - d).
9
Let r = 35 - 18. Let c(i) = 7*i**2 - i + 1. Let z be c(1). Let w(d) = 7*d - 22. What is the remainder when w(z) is divided by r?
10
Suppose 4*k - 134 - 50 = 0. Let g = k + -24. Let i = 23 - g. Calculate the remainder when 3 is divided by i.
0
Suppose 4*z - 24 = 4. Let c = 23 - 4. What is the remainder when c is divided by z?
5
Suppose 15 - 2 = 3*z - h, 0 = 4*z - 5*h - 32. Suppose 0 = -z*q + 2*q + 30. Suppose 6*m = 9*m - 33. Calculate the remainder when q is divided by m.
8
Suppose 110 = 8*q - 2. Calculate the remainder when 54 is divided by q.
12
Let f = -23 - -29. Let c(d) = f*d - 6*d - d. Calculate the remainder when 71 is divided by c(-18).
17
Let o = 2702 - 2642. Calculate the remainder when 249 is divided by o.
9
Let t = 53 - 55. Let r = 22 - 4. Calculate the remainder when -4*(-1)/t*33/(-2) is divided by r.
15
Let f = -372 + 417. Calculate the remainder when f is divided by 12.
9
Calculate the remainder when 181 is divided by (-277)/(-5) + 38/(-95).
16
Let d(m) = -123*m + 962. Calculate the remainder when d(6) is divided by 5.
4
Suppose 14*h = -h + 1545. Calculate the remainder when h is divided by 18.
13
Let t(w) = 9*w**3 - 3*w**2 + 6*w - 4. Calculate the remainder when 135 is divided by t(2).
67
Let s(c) = c**3 + 4*c**2 - 3*c + 2. Let q be s(-5). Let f(k) = -2*k + 4. Let z be f(-4). Let r = z + q. Calculate the remainder when 14 is divided by r.
2
Let q be 1524/45 + 4/30. Suppose 3*i + q = k, -23 = -2*k - 2*i + 5. What is the remainder when 94 is divided by k?
18
Suppose -4*i - 14 = -3*i. Let j = i + 18. Calculate the remainder when 6 is divided by j.
2
Suppose 4*n + c - 14 = 0, -n + 6*c = c + 7. Calculate the remainder when ((-5)/(-4))/((-1)/(-4)) is divided by n.
2
Let w be -1*2*(-152)/(-16). Let l = w + 31. Calculate the remainder when l is divided by 3.
0
Suppose -z = -2*t - 0*t + 186, -z = 4. Suppose -3*x + 105 = 3*i, 4*i + 46 = -63*x + 65*x. What is the remainder when t is divided by x?
29
Suppose -12 + 2 = 5*n, -5*c - 8 = 4*n. Suppose c = 4*p - p - 9. Calculate the remainder when 30 is divided by p.
0
Suppose 2*r = 3*j - 0*j - 135, 3*j - 3*r - 135 = 0. Suppose 5*a - 23 = 57. Let s = a + 0. Calculate the remainder when j is divided by s.
13
Let i(c) = -c**2 + 9*c - 2. Suppose -3*j = h - 194, -3*h - 181 - 56 = -4*j. Calculate the remainder when j is divided by i(6).
15
Let l be (-24)/(-16)*2/3*3. Suppose l*q - 711 = -6*q. What is the remainder when q is divided by 20?
19
Suppose -22*i = -1084 - 412. What is the remainder when i is divided by 9?
5
Let f = -46 - -55. Let s(o) = 19*o**2 + o. Let p be s(-1). Suppose p + 60 = 3*l. What is the remainder when l is divided by f?
8
Let q = -186 - -207. What is the remainder when q is divided by 7?
0
Suppose 0 = -4*t + 2*k + 854, -2*k + 0*k + 442 = 2*t. What is the remainder when t is divided by 37?
31
